hen 394 is divided by (-7 - -6)*9/27 - (-1792)/12?
96
What is the remainder when 1423 is divided by 6 + -10 + 4037/11?
334
Let f(o) = o**2 + 185*o - 935. Calculate the remainder when 967 is divided by f(5).
7
Suppose 5*j + 0 - 2 = 3*y, -3*j + 14 = -5*y. Let s be (3/j)/(20/24 - 1). Suppose -s = -4*q + 63. What is the remainder when q is divided by 7?
4
What is the remainder when 499 is divided by (0 + 27)*(-6 + 13)?
121
Let a(k) = 4*k**3 - 6*k**2 + 4*k + 9. Let n be a(5). Suppose -3*t - n = -3*i + 71, t - 148 = -i. Calculate the remainder when i is divided by (-4)/2 - 32*-1.
29
Suppose 16 = -n - 5*p + 107, 4*p = -2*n + 152. Suppose 3*y - 3 = n. Calculate the remainder when (-15)/(496/(-96) - -5) is divided by y.
21
Let k(o) = -o**3 + 42*o**2 - 84*o - 31. Let q be k(39). Suppose -29*z = -513 - q. What is the remainder when 86 is divided by z?
25
Let l be (4/(-4))/(2/(-28)). Suppose -3 = 3*r - 3*h, 81 = 5*r - 3*h + 82. Calculate the remainder when 20 is divided by (l + -19)/(r + -2).
0
Calculate the remainder when -8 + 2 + (-75)/10*(-3580)/30 is divided by 288.
25
Suppose 40*m + 28*m = 5644. What is the remainder when 414 is divided by m?
82
Let d(b) = -77*b**3 + 2*b - 3. Let i be d(1). Calculate the remainder when ((-92)/3)/(8 + i/9) is divided by 12.
10
Suppose -4*q - u + 459 = 0, 3*q = -0*u - 2*u + 348. What is the remainder when 3761 is divided by q?
113
Suppose 7 = -o + 5*p, -o - o - 4 = -5*p. Suppose -3*n + 79 = -r, -o*n + 84 = 3*r - 15. What is the remainder when -1*(-10 + (-2 + 0 - 97)) is divided by n?
25
Let y(t) = t**3 - 17*t**2 + 29*t + 31. Let q be y(15). Let f be (q/4)/((-6)/(-69)). Let v = f - 32. Calculate the remainder when 83 is divided by v.
13
Let z(m) be the first derivative of -9*m**2/2 - 105*m - 67. Calculate the remainder when 16 is divided by z(-13).
4
Let d be (8/20)/(0 + (-3)/(-90)). Calculate the remainder when 69 is divided by (-172)/(-14) - (-4)/(-168)*d.
9
Suppose 3*m + 5*z = 23 + 6, z = m - 7. Suppose 21*g - 5993 = m*g. Calculate the remainder when g is divided by 66.
65
Suppose 264 = -6*s + 50*s. What is the remainder when 33 is divided by -1 + (-215)/(-10) + 3/s?
12
Let r(w) = 2*w**2 - 26*w + 6. Let b be ((-44)/(-8))/(1/2). Let u be r(b). Let o = -32 - u. Calculate the remainder when 20 is divided by o.
2
Let x be (5/(-10))/(2/(-4508)). Suppose -16*o = -x - 1225. Suppose -107 - 78 = -5*r. What is the remainder when o is divided by r?
36
Suppose 2*v - 3*d - 128 = -15, 0 = 4*v + 5*d - 215. Calculate the remainder when 456 is divided by v.
16
Let v = -10317 - -10361. Calculate the remainder when 213 is divided by v.
37
Let h be (-13374)/102 - (-2)/17. Let d = -20 - h. Calculate the remainder when d is divided by (-1 - 2)*29/(-3).
24
Suppose -1039 - 2466 = -5*y. Suppose 0 = 2*b + 18 - 96. What is the remainder when y is divided by b?
38
Suppose 3*f = 486 - 3. Let t(l) = l**3 + 4*l**2 - 11*l - 30. Calculate the remainder when f is divided by t(-4).
7
Let g = 3461 - 3447. Calculate the remainder when 2461 is divided by g.
11
Let k = 12864 + -11649. Calculate the remainder when k is divided by 21.
18
Let k(v) = 1213*v - 4821. Suppose 3*i - 465 = -u, -2*u = -3*i + 254 + 202. What is the remainder when i is divided by k(4)?
30
Let m(y) = -y**2 + 35*y + 16. Calculate the remainder when 3871 is divided by m(35).
15
Let w(i) = 5*i**2 - 70*i + 385. Calculate the remainder when w(6) is divided by 25.
20
Let q = -205 - -337. Suppose -122 = -2*f - 4*v + 10, q = 2*f - 3*v. Calculate the remainder when f is divided by 17.
15
Calculate the remainder when 376 is divided by 0 + 1 - (-49 + 17) - 4.
28
Suppose 762 = -9*i + 12*i. Suppose 6*c - 196 - i = 0. Suppose 13*f - c = 8*f. Calculate the remainder when f is divided by 10.
5
Let j(w) = w**3 - 20*w**2 - 6*w + 479. Calculate the remainder when 109 is divided by j(19).
1
Let o be (9 - 7)/((-2)/(-28)). Suppose -o*j = -32*j + 24. Calculate the remainder when (5 - (-2 + j)) + 47 is divided by 25.
23
Let g = 1768 + -1387. What is the remainder when g is divided by 128?
125
Let h = -1623 + 1683. What is the remainder when 161 is divided by h?
41
What is the remainder when 106 is divided by (620/30)/(((-16)/3)/(-8))?
13
Suppose 10*m - 109 = -q + 8*m, 5*m = -3*q + 330. Let g = 51 - 129. Let s = g + q. What is the remainder when s is divided by 19?
18
Suppose -3*k - 3*p + 813 = 0, -6*p - 5 = -p. Calculate the remainder when k is divided by 21.
20
Let t = 903 + -899. What is the remainder when 120 is divided by t?
0
Let h be 105/6*(-24)/4 - -3. What is the remainder when (2/6 + (-3944)/h)*3 is divided by 5?
2
Suppose -588 = -869*r + 866*r. Calculate the remainder when r is divided by 3.
1
Let z be (-6)/(-9)*(-13 - -4). Let m = z + 10. Let g = -23 + 38. What is the remainder when g is divided by m?
3
Let g be -3 + (-4 - -9 - 20). Let a be (-1 - -3) + (-9)/(g/182). Suppose 97*k - a*k - 80 = 0. What is the remainder when k is divided by 6?
2
Suppose -3*k + 26*v = 25*v - 3011, -3*v - 3009 = -3*k. What is the remainder when k is divided by 14?
10
Let v(d) = 272*d + 675. What is the remainder when 1042 is divided by v(-2)?
125
Let h(x) = 1809*x**3 - 3*x**2 + 2. Suppose -3*n + 4 = 7. Let t be h(n). Calculate the remainder when t/(-35) - (1 + 18/(-14)) is divided by 18.
16
Let f be 31/124 - (-254)/8. Suppose f*w - 33*w + 207 = 0. Calculate the remainder when w is divided by 16.
15
Let z = 14462 + -13920. What is the remainder when 1099 is divided by z?
15
Suppose 26*u = 72*u - 230. Suppose u*b + v = -v + 1553, -3*b + 931 = v. What is the remainder when b is divided by 26?
23
Let m(z) = z**3 - 13*z**2 + 10*z + 26. Let c be m(12). Suppose 7*n - 373 = 4*n - c*s, -n + 116 = -s. What is the remainder when n is divided by 62?
59
Suppose s + 96 = 4*d, d - 62 - 95 = 2*s. Let x = -88 - s. What is the remainder when 138 is divided by (x/10)/(8 + (-2015)/250)?
18
Suppose 2*c + 1460 = 1956. What is the remainder when c is divided by 64?
56
Let v = 1115 - 1078. Suppose f + 512 = 5*g, -5*g + 4*f + 663 = 160. Calculate the remainder when g is divided by v.
29
Suppose 57 = 2*s + 11. Let p = -80 - -82. Suppose 3*q + p*q = -4*c + 52, 14 = 2*q + 5*c. Calculate the remainder when s is divided by q.
11
Let w(u) = 488*u + 1211. What is the remainder when w(0) is divided by 594?
23
Let k = -1687 - -2516. What is the remainder when k is divided by 214?
187
Let f = -171 - -41. Let u = f + 140. Calculate the remainder when 11 is divided by u.
1
Suppose 0 = -s + 2*s - 111. Let m = 1023 + -1019. What is the remainder when s is divided by 2/m*(58 + 18)?
35
Let z(a) = 6*a**2 - 16*a + 26. Let o = 5 - 3. Calculate the remainder when 178 is divided by z(o).
16
Suppose 360 = -39*i + 152*i - 657. Suppose 34 = -4*a + 5*a. Calculate the remainder when a is divided by i.
7
Let i = 575 + -230. Suppose 5*o - i = -215. What is the remainder when 71 is divided by o?
19
Suppose j + 4*l = 1719, 2*j - 18*l - 3463 = -21*l. Suppose 11*q - j + 1266 = 0. Calculate the remainder when q is divided by 9.
7
Let s = -49 + 109. Let x = s - 51. Suppose -x*c + 332 = -208. Calculate the remainder when c is divided by 24.
12
Let r = -321 - -441. What is the remainder when r is divided by 92?
28
Let a(n) = 33*n - 11. Let k be a(4). Let l = -92 + k. Calculate the remainder when 201 is divided by l.
27
Let g = -3958 - -4054. Calculate the remainder when 159 is divided by g.
63
Suppose -61 - 127 + 44 = -24*l. Calculate the remainder when 23 is divided by l.
5
Suppose 53 = 3*n + 197. Let d = -43 + n. Let r = -74 - d. What is the remainder when 49 is divided by r?
15
Suppose 0 = -3*j - n + 458, -5*j + 198 + 528 = -3*n. Let m(l) = 7*l**3 - 2*l**2 + 2*l - 1. Calculate the remainder when j is divided by m(2).
48
Let p(j) = 3*j**2 + 15*j + 2. Let r be p(-10). Suppose -r = -4*k + 2*k. What is the remainder when k is divided by 22?
10
Suppose 0 = 2*a + 204 - 56. Let d = 87 + a. Calculate the remainder when d is divided by 7.
6
Let q(m) = -15*m**2 - 2*m - 10 + 4*m + 4*m - 4*m. Let o be q(3). Let f = 152 + o. Calculate the remainder when 32 is divided by f.
6
Let t(g) = -g**2 - 24*g - 28. Calculate the remainder when t(-16) is divided by (611/141)/(7/6 + -1).
22
Suppose -3*k = 2*t - 240, 2*k = 4*t - t - 373. Let v = -45 + t. What is the remainder when v is divided by 